 154.
14
Let i = -325 + 340. Let w(p) = -2*p - 1. Let l be w(-3). Calculate the greatest common divisor of l and i.
5
Let q = 144 - 45. Suppose 13*b - 39 = -4*o + 8*b, -47 = -4*o + 3*b. Calculate the highest common factor of q and o.
11
Let v = -298 + 358. Calculate the highest common factor of v and 30.
30
Suppose -79*y + 75*y = -416. Let h be 6/(214/y + -2). Calculate the greatest common factor of 8 and h.
8
Let j be -2 + 19 + -3*1. Suppose -3*g - 498 = -4*a, 122 = -0*a + a - 2*g. What is the greatest common factor of j and a?
14
Let s(d) = 5*d**3 + 5*d - 5. Let x be ((-33)/(-9) - 3)*3. Let l be s(x). What is the highest common factor of 9 and l?
9
Let s = -59 + 7. Let a = 59 + s. Calculate the highest common factor of 28 and a.
7
Suppose i - 41 = 189. Calculate the greatest common divisor of 46 and i.
46
Let h(r) = r**2 - 3*r - 28. Let x be h(7). Suppose -16 = -m + p, 0 = m - x*m - 2*p - 21. What is the highest common divisor of m and 165?
11
Suppose 5*a - p - 4659 = 0, -3*a = -3*p - p - 2809. Suppose -10*m + 989 = -a. Calculate the highest common factor of 24 and m.
24
Let x(m) = 39*m + 297. Let t be x(0). Calculate the greatest common factor of 22 and t.
11
Let q be (-15)/2*(-32)/20. Let w = -9 + q. Suppose d - 6 = 3*d, w*u = -2*d + 66. Calculate the greatest common factor of 3 and u.
3
Suppose -12*z = -21*z + 63. Let q be -3 + z - (-25 + 2). Suppose 2*s - 4*a - 32 = -2*s, -3*a + 3 = 0. Calculate the greatest common divisor of q and s.
9
Suppose 3 = -a + 6. Suppose a*u = -5*n + 475, n + 196 = 5*u - 633. Let t(r) = -4*r - 1. Let i be t(-4). Calculate the highest common divisor of i and u.
15
Let g = -4 - -4. Suppose g = -4*k + 44 + 40. Suppose i + 189 = 2*i. Calculate the greatest common factor of k and i.
21
Let k(d) = d**2 + 6*d - 5. Let a be k(-7). Let u = a + 7. Let b be 6/u*-3*-5. Calculate the greatest common factor of 25 and b.
5
Suppose 2*z = 3*h + 13, -5*z + 8*h + 25 = 3*h. Suppose b - 102 = -3*g, -z*g = -b + 2*g + 109. Calculate the greatest common divisor of 7 and b.
7
Let g = -137 + 193. What is the greatest common factor of 952 and g?
56
Let w be ((-13)/(-65))/(3/90). Let i = -33 + 39. Calculate the greatest common factor of i and w.
6
Suppose 28*s = 26*s - 238. Let x = 120 + s. What is the highest common factor of x and 11?
1
Suppose -4*h + 2659 = 5*x, 9*x - 10*x - 4*h + 535 = 0. Calculate the highest common factor of x and 472.
59
Let y(f) = -77*f + 4668. Let g be y(60). Suppose -3*w + 93 = 3*n, 5*n - 3 = -8. What is the highest common factor of g and w?
16
Let s(y) = -y**2 - y + 10. Let b = -1 - -1. Let h be s(b). Suppose 0 = 125*k - 23*k - 4080. What is the greatest common factor of h and k?
10
Suppose -18*z = -3*k - 13*z + 2185, 4*k + 2*z - 2896 = 0. Calculate the greatest common factor of k and 203.
29
Let z(c) = -7*c - 4. Let j(y) = 6*y + 3. Let n(b) = -4*j(b) - 5*z(b). Let s be n(2). Calculate the highest common divisor of s and 12.
6
Let q be (-2)/22*2 - (-5472)/209. Calculate the greatest common factor of q and 117.
13
Let j(l) = -l**3 + 4*l**2 + 3*l - 13. Let u be j(4). Let f be 136/(u + 2)*(-4)/(-4). Calculate the greatest common factor of f and 8.
8
Let f(s) = -s + 18. Let r be f(10). Suppose 4*d - 152 = 364. Let i = 201 - d. What is the greatest common divisor of r and i?
8
Suppose -2*d = -5*a + 1845, 4*a + 10*d = 7*d + 1476. Calculate the highest common factor of a and 82.
41
Let n(m) = -m**3 - 39*m**2 + 39*m - 36. Let t be n(-40). What is the greatest common divisor of 244 and t?
4
Let m(w) = -2*w**3 - 15*w**2 - 3*w - 8. Let u be m(-7). Let y = -3 - u. What is the greatest common factor of 3 and y?
3
Let y = 67 - 16. Let q(w) = 4*w**3 - 12*w**2 + 11*w - 16. Let b be q(3). What is the greatest common factor of b and y?
17
Let j(a) = 22*a**3 + 3*a**2 + 14*a - 40. Let w be j(3). What is the greatest common factor of 7 and w?
7
Let f = 62 - 12. Let n = 71 - f. Calculate the highest common factor of n and 3.
3
Let u be (-537)/(-9) + (-1)/(-3). Suppose -m - 2*k + 0*k + 1 = 0, k + u = 5*m. Calculate the greatest common divisor of 99 and m.
11
Let j(w) = -w**2 - 60*w - 224. Let b be j(-48). Calculate the highest common divisor of 22 and b.
22
Let s be ((0 - -3) + -4)*-72. Let q be (2/4)/(3/s). Let p be 126/q + 3/2. Calculate the greatest common factor of p and 4.
4
Let z be 12*2*(-1645)/(-70). What is the greatest common divisor of z and 12?
12
Let g = 917 - 900. Calculate the highest common factor of g and 3077.
17
Suppose -17*a + 14*a = -27. Suppose 4*l + l = -10. Let f be (225/10)/((-1)/l). What is the highest common factor of f and a?
9
Suppose r - 4*r + 48 = y, -5*y + 19 = 2*r. Calculate the greatest common factor of r and 68.
17
Let p be 5*(1 - 102/(-10)). Let l(s) = -59*s - 5. Let y be l(-1). Let b = -47 + y. What is the highest common divisor of b and p?
7
Let u be 0/(-1*(-1 + 4)). Suppose 5*n + 33 = -3*m, 2*n + u*n + 8 = 4*m. Let w be (2 + 1)/((-2)/n). What is the highest common divisor of 1 and w?
1
Suppose -5*u = 5*t - 695, 5*t + 0*t = 2*u + 702. Let f be 24 + 0/(-1) - 4. What is the highest common factor of f and t?
20
Let r(i) = 80*i**2 + 25*i + 40. Let a be r(-5). Calculate the greatest common factor of a and 5.
5
Let l be (44/6 - 0)/(78/234). Calculate the greatest common divisor of l and 22.
22
Let z = 102 + -38. What is the highest common factor of z and 8?
8
Suppose 3*l - 281 = -w + 851, -2*w = -5*l + 1894. Calculate the highest common divisor of l and 324.
54
Let b = 3262 + -2015. What is the greatest common divisor of 86 and b?
43
Let j be 42/(-4) + 4/8. Let g(q) = -q**2 - 10*q + 9. Let b be g(j). Let d be (-6)/b*120/(-5). What is the highest common divisor of d and 144?
16
Let y(i) = i**3 + 9*i**2 + 7*i - 7. Let o be y(-7). Let k be o/35*45/2. Calculate the highest common divisor of 216 and k.
27
Suppose 0 = -c + 4, -3*d = -0*c + 3*c - 45. What is the greatest common divisor of 451 and d?
11
Let l be (-1 - (-2 + 2)) + -1. Let c be (15/(-6))/(l/8). Let n be (-3)/(3/15 - 49/140). What is the highest common divisor of c and n?
10
Let t be (1/3)/(10/90). Suppose h - 11 = 3*j, t*h - j = 1 + 16. Suppose 9 = n - 3*w, 3*w + 1 = -h. What is the greatest common divisor of 2 and n?
1
Let t(o) be the second derivative of -o**3/6 - 6*o**2 - 2*o. Let z be t(-10). Let i = z - -13. What is the greatest common divisor of i and 77?
11
Let n be (-30)/(-7)*7/(-2)*-2. Let y(g) = -g**2 + 8*g - 6. Let d be y(4). Calculate the greatest common divisor of n and d.
10
Let b = -24 + 33. Suppose 13*n - b*n - 176 = 0. Calculate the greatest common divisor of n and 352.
44
Suppose -i - 11 = -u, -5*u - 5*i + 5 + 90 = 0. Suppose -2*s = 5*n - 43, 3*s = 6*n - 2*n - 39. What is the greatest common factor of u and n?
3
Let g be (-288)/(-11) - (-34)/(-187). Let c = 91 + 117. Calculate the greatest common factor of g and c.
26
Let h = -5 + 4. Let c = -59 - -56. Let m be (c - h - -2) + 2. Calculate the greatest common divisor of m and 5.
1
Suppose q - 122 = -5*w + 131, w - 55 = 2*q. Suppose 21*c - 18*c = w. What is the greatest common factor of 51 and c?
17
Let a = 243 + -231. Calculate the highest common divisor of a and 90.
6
Let b be (1 + 0)/((-1)/(-9)). Suppose 2*y - 4*t + 7*t = 3, 51 = 4*y - 3*t. Calculate the highest common factor of b and y.
9
Suppose -1 = -h, -5*f - 7*h + 2314 = -3*h. Calculate the greatest common divisor of 42 and f.
42
Let r be (-9)/6*76/(-6). Let n = 36 - r. Calculate the highest common divisor of 187 and n.
17
Let v(w) = -19*w + 13. Let u be v(3). Let i = u - -72. Calculate the highest common factor of 70 and i.
14
Suppose -9*w - 322 = -32*w. Let s be 3*(-1)/(3/(-14)). Calculate the greatest common divisor of w and s.
14
Let m(d) be the first derivative of -d**2/2 + 5*d - 1. Let k be m(-4). Suppose -1 = 15*t - 16*t. What is the highest common factor of k and t?
1
Let p be 15/(5/(-25)*1). Let m be -35*3/p - 3/(-5). What is the greatest common factor of 6 and m?
2
Suppose 2*z = -8 + 2. Let a(k) = k**2 - 2*k + 4. Let x be a(z). Let u = x - 1. Calculate the highest common divisor of u and 27.
9
Let a = 46 - 79. Suppose 0 = 3*y + 14 - 80. Let k be 128/y + (-6)/a. What is the highest common divisor of 36 and k?
6
Suppose -47*g = -93*g + 276. Calculate the highest common factor of g and 105.
3
Suppose -54 = -10